 = -w**3 + 7*w**2 - 4*w - 15. Let m be h(l). Give u(m).
0
Let b(f) = 176 + 27*f**3 - 171 - 4*f - 28*f**3 - 5*f**2. Let o = -486 + 481. Give b(o).
25
Suppose 5*y - a - 65 = 0, -3*y + a = -6*y + 47. Let h(v) = 0*v + 3 - 3051*v**2 - 15*v + 3052*v**2. Give h(y).
-11
Suppose 0 = -30*j + 23*j + 910. Let b(q) = -2*q - j*q**2 - 3*q + 129*q**2. Determine b(-4).
4
Suppose -12*v = 10*v - 25*v + 21. Let h(k) = -6*k**2 + 43*k - 10. Calculate h(v).
-3
Let x(f) = 28*f**2 - 6*f + 7. Let v(z) = 12*z**2 - 3*z + 3. Let h(u) = -5*v(u) + 2*x(u). Give h(2).
-11
Let w be (-1 - 1/(-5))/(1/(-5)). Let q be w*3*4/12. Suppose 5*s = q*s - 1, -3*s + 9 = 2*c. Let l(a) = a**3 - 7*a**2 + 4*a + 8. What is l(c)?
-4
Let c(w) = -w**2 - 11*w. Let n = -507 - -472. Let d be (1 + n/25)*25. Determine c(d).
10
Let a(i) = 2*i**3 - 2*i**2 + i. Suppose -12*w + 19 + 77 = 0. Suppose 63*k - w = 55*k. Determine a(k).
1
Let y(m) be the second derivative of -m**5/20 + m**4/6 + m**3/3 - m**2 - 15*m. Let z be 4 - -1*(0 - 4). Suppose 0 = -2*w - z + 6. Give y(w).
-5
Let i(t) be the third derivative of t**7/5040 - 3*t**6/80 - t**5/20 - 7*t**3/6 - t**2 - t. Let q(l) be the third derivative of i(l). Give q(0).
-27
Let q(s) = -s**3 + 20*s**2 - 19*s + 27. Let p be 29 - (544/54 + (-50)/675). What is q(p)?
27
Let k = 694 - 691. Let i(f) = 6*f**k - 5*f - 6*f**3 + 4 + 13*f - 6*f**2 + f**3 + 13*f**2. What is i(-6)?
-8
Let h(l) = -3*l**2 - 17*l + 32. Let w be h(2). Let n(b) = b + 18. Calculate n(w).
4
Suppose x = -0*s + s + 2, 0 = -2*x + 4*s + 14. Let j be -6*x*-2*1/(-12). Let r be (-9)/12 + 6/(-24) + j. Let v(f) = -3*f**2 + 2*f. What is v(r)?
-8
Let c = -3 - -5. Suppose c*j - 40 = -3*j. Let r(v) = 118*v + 5. Let h(k) = 138*k + 4. Let d(z) = 6*h(z) - 7*r(z). Determine d(j).
5
Let m(t) be the second derivative of -t**5/24 + t**4/24 + 10*t**3/3 - 3*t**2/2 + t - 207. Let w(r) be the second derivative of m(r). Determine w(-1).
6
Let t(n) = 633*n - 6967. Let w be t(11). Let a(c) = c**3 + 2*c**2 + 2*c + 1. What is a(w)?
-39
Let x(t) = -t**3 + 27*t**2 - 3*t + 76. Let k(r) = -44*r - 413. Let m be k(-10). Determine x(m).
-5
Let l(d) be the third derivative of d**7/2520 - 13*d**5/60 + 31*d**4/24 + 75*d**2. Let r(i) be the second derivative of l(i). Determine r(0).
-26
Let n(z) = z**3 + 4*z**2 - 14*z - 49. Let a be n(-3). Let h(p) be the first derivative of -1/3*p**3 + 14 - a*p + 0*p**2. Calculate h(3).
-11
Let o(t) = 5*t**2 - t - 10. Let w(k) = 6*k**2 - 11. Let h(x) = 4*o(x) - 3*w(x). Let j be 12/(-18)*(-15)/2 + 22. Let z be (-9)/12*(-180)/j. Calculate h(z).
23
Let c(q) = -2*q + 4. Let v be (-40)/(-12)*(540/50)/3. Give c(v).
-20
Suppose 8449*o - 8440*o = -9. Let x(q) = -4*q**3 - 3*q - 3. Calculate x(o).
4
Let l(k) = -19*k + 51. Let g(m) = -9*m + 23. Let h(c) = 13*g(c) - 6*l(c). Let f be (-1)/((-3)/(-6)) + -10. Let t be (-210)/(-36) + (-2)/f. What is h(t)?
-25
Let z(m) = -76*m + 124. Let a(t) = -53*t + 122. Let q(w) = 3*a(w) - 2*z(w). Determine q(14).
20
Let q(d) = 5*d - 61 + 17 + 17 + 22. Let u(i) = 11*i - 13. Let w(z) = 5*q(z) - 2*u(z). What is w(1)?
4
Let y = 36 - 24. Let f(i) = i**2 - 8*i. Let j(b) = 3. Let h(r) = -f(r) + 5*j(r). Give h(y).
-33
Let h be 6 - 1 - 0/2. Let x(t) be the second derivative of -25*t**3/6 + t**2 - 8179*t. Let j(c) = 12*c - 1. Let u(p) = h*j(p) + 3*x(p). Give u(-2).
31
Let y(a) = 2*a - 8. Let d(s) = s - 1. Let h(v) = -d(v) + y(v). Suppose -4*u - 4 + 13 = 3*l, 2*l = 4*u + 6. Suppose 15*p - 76 - 14 = u. Calculate h(p).
-1
Let r = 17185 + -17182. Let x(h) = h**2 + 68*h - 212. Give x(r).
1
Let w be ((-192)/19 - -1) + (-84)/(-798). Let n(f) = -f**3 - 8*f**2 + 8*f - 10. Determine n(w).
-1
Let g(n) = 14*n + 80. Let y be g(-5). Let u(p) = -y - p**2 + 10*p - 6*p - 15*p. Calculate u(-8).
14
Let m(b) be the second derivative of b**3 - 9*b**2/2 + 459*b - 2. Give m(3).
9
Let y(u) = 5*u**3 - 4*u**2 - u - 6. Let k(a) = -2*a**3 - 4*a**2 - 13*a**3 - 5 - a + 19*a**3. Let w(c) = -4*k(c) + 3*y(c). Determine w(4).
6
Let w(d) = 4*d**2 + 16 + 28 - 8*d**2 + 3*d**2 - 10 - 8*d. What is w(-10)?
14
Suppose 5*h - 32 = 3*p, -2*h + p = -0*p - 12. Let d(w) be the second derivative of -w**5/20 + w**4/6 + w**3/2 + w**2 + w + 1089. Give d(h).
-18
Suppose -130*q - 128*q + 10 = -259*q. Let h(c) = c**2 + 7*c - 2. Give h(q).
28
Let w(l) = l + 4. Let t(o) = -3*o**3 - 5*o**2 - 8*o + 10. Let p(x) = 4*x**3 + 7*x**2 + 11*x - 15. Let z(h) = 5*p(h) + 7*t(h). Let a be z(0). Give w(a).
-1
Let t(w) be the first derivative of 1/3*w**3 + 7*w - 11/2*w**2 + 43. Give t(8).
-17
Let x(c) = 972*c**3 + 8*c - 973*c**3 + 12*c**2 + 9 - 22*c. Calculate x(11).
-24
Let o(i) = 1 + i - 818*i**2 + 1622*i**2 - 815*i**2. Let f be 1*-2*2/4. Calculate o(f).
-11
Let y(b) be the second derivative of -b**5/20 + 7*b**4/12 + 2*b**2 + 148*b + 2. Let h(w) = w**3 + 6*w**2 + 4*w + 2. Let g be h(-5). What is y(g)?
4
Let z be ((-5)/(-6) + 1/2)/(56/(-252)). Let t(q) = q**2 + 7*q + 9. Calculate t(z).
3
Let h(g) be the third derivative of -g**5/60 + 13*g**4/24 - 5*g**3/2 + 8077*g**2. Let d = -8 + 19. Calculate h(d).
7
Let a(h) = 2*h - 5. Suppose 0 = 3*o + 23 - 56. Let m(y) = 4*y - 15. Let w(t) = o*a(t) - 4*m(t). Give w(-4).
-19
Let x be (2 - (-10)/(-3))*-3. Let k(v) be the second derivative of -2*v**3/3 + 2*v**2 - 7569*v. What is k(x)?
-12
Suppose 4*u - 9*c = -10*c + 145, 0 = 5*u + 2*c - 179. Suppose 2 = 7*y + u. Let g(w) = w**3 + 5*w**2 - 4*w - 5. Determine g(y).
15
Let v = -2953 - -2959. Let b(i) = -3*i**2 + 12*i + 32. Calculate b(v).
-4
Suppose -2 - 19 = -7*m. Let v be (-1)/((-22)/7 + m). Let b(u) = -u - 1. Let d be b(v). Let n(c) = -c**3 - 8*c**2 - 3*c - 12. Calculate n(d).
12
Let t = 522/7 + -1559/21. Let j(w) be the first derivative of 13 + 6*w - 5/2*w**2 + t*w**3. Calculate j(4).
2
Let j(k) = k**2 - k + 18. Let n(v) = 3*v**2 - 23*v + 20. Let d(p) = 4*j(p) - n(p). What is d(-3)?
4
Let m(h) = 3*h**2 + 4*h + 2. Suppose n = 2*j + 17, 3*n - j = 4*j + 50. Suppose -b - 3*b = -20. Suppose -4*c + 0*g = g + n, -b*c - 3*g - 24 = 0. Calculate m(c).
17
Let f(q) = 611*q - 1224. Let j be f(2). Let d(x) = -x**2 + 13*x + 27. Give d(j).
-3
Let u(r) = -6*r - r + 1 + 4*r. Let s = 2958 + -2961. Give u(s).
10
Let i(g) be the second derivative of -g**3/6 - 6*g**2 - 3*g. Let b = 57 + -55. Suppose -m = -b*m - 6. What is i(m)?
-6
Let b(s) = -s**3 + 6*s**2 + s - 9. Let j be b(6). Let h be 24/4 + 18/j. Let q(x) = x**3 + 17. Calculate q(h).
17
Let d = 3614 + -3617. Let x(t) = 4*t - 7. Determine x(d).
-19
Let l(r) = -10*r**2 - 43*r - 142. Let x(a) = 3*a**2 + 14*a + 47. Let q(h) = -2*l(h) - 7*x(h). Give q(-10).
-25
Let s be ((3/(-8))/(45/210))/(22/88). Let p(a) = a**3 + 18*a**2 + 75*a - 8. Give p(s).
6
Let v(n) = n**3 + 3*n**2 + 2*n + 1. Let x = 208 - 116. Suppose -89*d + 9 = -x*d. Give v(d).
-5
Let z be (22/(-66))/(2/(-42)). Suppose 0 = 5*g + b - 25, 4*b - 10 = 2*b. Suppose -u + z = u + 5*x, 4*u = g*x. Let c(r) = -8*r**3. Give c(u).
-8
Let f(r) be the first derivative of 2*r**2 - r - 10. Let m(q) = 3*q + 8 - 44 + 16. Let t be m(7). Give f(t).
3
Suppose -1606*n - 520 = -1736*n. Let z(p) = p**3 - 2*p**2 - 5*p - 7. Determine z(n).
5
Let s(i) = -i + 4. Let b be s(0). Let p(w) be the second derivative of w**5/20 - w**4/4 - w**3/3 + 5*w**2/2 + 6747*w. Determine p(b).
13
Let g(v) be the second derivative of 47*v - 1/3*v**3 + 0 - 14*v**2. Determine g(-11).
-6
Suppose 0 = 5*y - 253 - 432. Let o = -143 + y. Let k(s) = -s**2 - 2*s + 5. Calculate k(o).
-19
Suppose 4*m + 19 = i, -5*m + 2*m + i = 13. Let l(s) = -6*s - 45. Let n be l(m). Let v(k) = k**2 + 8*k + 5. Determine v(n).
14
Suppose -37 = -5*j - 12, -4*j = 2*v - 26. Suppose -2*d + 4 = 3*l - 2, -3*d - 4*l + 10 = 0. Let g(k) = 6*k**v - 5 - 5*k**3 + 0*k**3 + d*k**2 + 4*k. Give g(-4).
11
Let b(a) be the third derivative of -11*a**4/24 - 49*a**3/2 + 4285*a**2 - 2. What is b(-13)?
-4
Let v(d) = -d**2 + 28*d - 61. Let i(y) = 4. Let m(b) = -11*i(b) + v(b). What is m(5)?
10
Let c(p) = -102*p**3 + 103*p**3 - 14*p + p + 109 - 4*p**2 + 82 - 11*p**2. Give c(15).
-4
Let p(g) be the second derivative of g**4/2 - 13*g**3/3 - 5*g**2/2 - 136*g - 3. Give p(5).
15
Suppose -59*z + 1903 = 39*z + 433. Let h(i) = -i**3 + 13*i**2 + 37*i - 103. Determine h(z).
2
Let h(g) be the second derivative of -g**6/120 - g**5/120 - 101*g**3/6 - 39*g. Let c(b) be the second derivative of